 36597. Is o prime?
True
Let w = 16 + -25. Let s = -191 - w. Let r = s + 273. Is r prime?
False
Let q(x) = x**3 - 67*x**2 - 36*x + 22. Let r(c) = -c**3 + 3*c + 1. Let d(i) = q(i) + 5*r(i). Is d(-20) prime?
True
Let b be ((-54)/162)/(1/18). Is (3/(b/(-1202)))/((-12)/(-84)) prime?
False
Let y(a) = 5240*a + 193. Is y(11) a prime number?
False
Is (1/4*-2)/(22/(-1302343 - 13)) prime?
True
Let h be (-2 + 2 + -1)*4*142. Let l = 878 + h. Let m = 228 + l. Is m composite?
True
Suppose -3*u + 15 = 0, 5*i - 39397 = i + 3*u. Is i a composite number?
True
Let z(n) = -32*n**3 + 2*n**2 + 9*n + 10. Let t be z(-2). Suppose -2*c + 2*b - 66 = 6*b, 137 = -4*c - 3*b. Let h = t + c. Is h a composite number?
True
Suppose 29*o - 1044574 - 477607 = 0. Is o prime?
True
Suppose -13 = -8*h + 35. Let x(k) = 2*k**3 - 11*k**2 - 6*k + 15. Let r be x(h). Is (-2953 + -1)*r/(-30) a composite number?
True
Let l be 61/9 + (-2)/(-9). Let d(p) = -518*p + 121. Let o(u) = 349*u - 81. Let i(t) = 5*d(t) + 8*o(t). Is i(l) prime?
False
Let c(z) = 1823*z**2 - 4*z - 25. Let i be c(-6). Let o = 93556 - i. Is o composite?
True
Let g(b) = b**3 - 18*b**2 + 5. Let j be g(4). Let z = -116 - j. Is z composite?
False
Suppose 13742432 = 151*f + 294*f - 11979903. Is f prime?
True
Let b be -8 + (-3 + 1)*-533. Let m = -664 + b. Is m prime?
False
Suppose -16*g = -3553 + 1393. Let w = g - -386. Is w prime?
True
Let r = 41 + -40. Let i(o) = -o**2 + o. Let m(y) = 58*y**2 - 12*y - 7. Let j(u) = r*m(u) + 2*i(u). Is j(-4) a prime number?
True
Suppose -m - 2*g + 31 = 0, -4*m - g - 3*g = -116. Is 1721*1 - (-162)/m a composite number?
True
Let a = -31046 + 56913. Is a a prime number?
True
Suppose 505*k = 506*k - 219433. Is k a prime number?
True
Suppose 170410 = 43*c - 2324245 - 1983236. Is c composite?
True
Let v be 9 + (-50319)/(-81) - (-4)/(-18). Suppose h = -g - g + 626, -h - v = -2*g. Is g a prime number?
False
Suppose 5*v + 4*d = 6*d + 35, -2*d = v + 5. Suppose -5*j - v*s = -66 + 196, -3*j = 4*s + 76. Is 2 + 52/j - (-7992)/14 prime?
True
Let t(g) = g**3 - 5*g**2 + 2*g + 9. Let m be t(4). Is m + -5*1 - 46410/(-35) prime?
False
Suppose -6810889 - 1267290 = -11*x - 6*x. Is x prime?
False
Let g = -945 - -948. Is (g/(9/1801))/(2/42) prime?
False
Let u(c) = c**3 - 2*c + 10. Let y be u(0). Is (-6)/y - ((-892672)/(-40))/(-8) composite?
False
Let g be (-15)/18*-16496 - (-1)/3. Suppose -2*k = 2*k - 3*w - g, w = -2*k + 6871. Suppose 0 = 4*s - 4*m - k, -m = -s + 2*m + 851. Is s prime?
True
Let r(g) = -g**2 + 69*g - 249. Let j be r(45). Suppose f - 25 + j = 3*i, -809 = -3*i - 2*f. Is i prime?
True
Let g = 761759 - 436816. Is g a composite number?
True
Let p be 2/7 + 8/(-28). Let d be 1754/3*(3 - p). Suppose 5*n - 56 - d = 0. Is n composite?
True
Suppose -4*q + w + 361082 = -w, -4*q - w + 361085 = 0. Is q a composite number?
False
Let g(b) = 37*b**2 - 5*b + 19. Let p(q) = 7*q + 5. Let a be p(-3). Let l be 5/(-25) - (a/5 + -2). Is g(l) a composite number?
False
Let k(c) = -3*c + 134. Let o(y) be the first derivative of -3*y**2 + 12*y + 12. Let g be o(2). Is k(g) a prime number?
False
Let u(n) = 66*n**2 - 50*n + 19. Suppose 0 = -11*h - 77 + 187. Is u(h) composite?
True
Is 3 - (-339087 - (-5 - (3 - 53)/5)) a composite number?
True
Let i(z) = 644*z**2 + 114*z - 111. Is i(-10) composite?
False
Let s = 126 - 121. Suppose -s*o - 5*q + 5590 = 0, -13*o - q - 1110 = -14*o. Is o prime?
False
Let p = 523456 + 2756659. Is p prime?
False
Let p(q) = -285*q**2 - 9*q - 1. Let j be p(5). Let r = 11954 + j. Is r a composite number?
False
Let j be ((-177)/9)/((-1)/(-3)). Let o = 25 + j. Is 611/2 - 51/o prime?
True
Let y(z) = 5*z**3 + 3*z**2 - 429*z + 136. Is y(45) a prime number?
True
Suppose -3*b = -2*b - 6. Suppose 3*p = b*p - 15. Suppose 5*q + 5*z = 1010, -3*q + z - 405 = -p*q. Is q composite?
True
Let t(d) = 376*d - 5. Let l be t(6). Let v = -51 + 49. Is (v/2)/((-1)/l) a prime number?
True
Is (-2)/((-112)/23507134) + 22/8 a composite number?
True
Let o(p) = 3779*p + 724. Is o(29) composite?
True
Let n = 10120 + 82503. Is n prime?
True
Let w(x) be the second derivative of -x**6/120 + 7*x**5/60 - 11*x**4/24 + 5*x**3/6 + 7*x**2 - 4*x. Let h(a) be the first derivative of w(a). Is h(4) prime?
False
Suppose 2*u = 3*z + 13573, 0*z - u = z + 4516. Let p = -2050 - z. Let s = p + -1276. Is s composite?
True
Let a = 43 - 39. Suppose -2*t - 7820 = -a*u + 3*t, t + 7836 = 4*u. Suppose -u = -4*j + 1668. Is j a composite number?
False
Suppose -23*i + 2205 = -20*i. Suppose f + 2*f = -i. Let v = 136 - f. Is v a composite number?
True
Suppose 14*c - 2 + 16 = 0. Is 6/(-18) + 1462/(-3)*c composite?
False
Suppose -430521 - 247228 = -19*b. Is b composite?
False
Let r(b) = b**2 - 6*b + 20. Let t be r(12). Suppose t*h = 84*h + 36376. Is h composite?
False
Let m(q) = -366*q - 6. Let c be m(-5). Let d = -1105 + c. Is d prime?
True
Let d(y) = 1883*y + 52. Let l be d(5). Let x = -4614 + l. Is x composite?
True
Let j(s) = -13*s + 51*s - 46 + 26*s - 111. Is j(26) a prime number?
False
Suppose 5*y + 5*f = 770895, -4*y - f + 481033 + 135677 = 0. Is y composite?
True
Let d = -97 + 115. Suppose -d*p + 19*p - 93 = 0. Is p composite?
True
Let f(m) = -4*m**2 + 11*m + 3. Let j(l) = 2*l**2 - 5*l - 1. Let c(u) = -6*f(u) - 11*j(u). Suppose -2*x = -2*r + 20, -x + 4 - 9 = 4*r. Is c(x) a prime number?
False
Suppose -3*q = -2*h - 2*h + 11, 2*h = 5*q - 5. Let y be ((-3)/2)/(q/(-42) + 0). Suppose -2*j + 119 = c, 2*c - 5*j = -y + 277. Is c a composite number?
True
Let n(i) = 5*i + 47. Let p be n(-9). Suppose 5*g - r = 1677, p*g + 9*r - 660 = 4*r. Suppose 13*x + g = 14*x. Is x a prime number?
False
Suppose -32*d - 187378430 - 87423244 = -146*d. Is d composite?
True
Suppose 6*n = -946690 - 257378. Let t = n + 288176. Is (6/9)/(12/t) a prime number?
True
Is 89 + -93 - (-6802435)/5 a composite number?
True
Is (-3)/(33/(-2)) - (-37)/(814/701730) a prime number?
False
Let z(t) be the first derivative of -5*t**4/2 - 11*t**3/3 + 25*t**2/2 + 15*t + 157. Is z(-13) a composite number?
False
Suppose -13*h + 280 = 7*h. Suppose h*x + 105345 = 23*x. Is x prime?
False
Let u(m) = -2*m**3 - 4*m**2. Let g be u(-3). Is (-4)/g - 3854219/(-387) composite?
True
Suppose 75*g + 23466 = 152*g - 75*g. Is g composite?
True
Suppose -446588 - 1372275 = -23*v. Is v a prime number?
False
Let g(i) = i**2 + 4*i + 8. Let u be g(-2). Suppose 720 - 128 = u*f. Suppose 0 = 2*o - f - 90. Is o prime?
False
Let c be 193/2 + (-15)/10. Let i = 368 - c. Suppose -3*p + 6*p - i = 0. Is p a prime number?
False
Let s be (6 + (-2272)/(-56))*(-2 + 9). Suppose h = 3*p - 242, s = -0*p + 4*p - 2*h. Is p a composite number?
False
Suppose 12*y = 76*y - 266432. Is y composite?
True
Suppose 11*x + 128*x - 269060215 = 0. Is x composite?
True
Let g = -15614 + 143317. Is g composite?
False
Let l = -345286 - -642683. Is l a prime number?
True
Suppose 0 = -3*g - 5*p + 13, 4*g = 28*p - 23*p - 41. Is ((-1017 - 6) + (-1)/(-4))*g prime?
True
Let h = -76 + 74. Let z be ((-3)/3)/1*(h - 1). Suppose z*d - 99 = -3*f - 0*d, 3*f + 4*d - 94 = 0. Is f a prime number?
False
Let y be 4*(2 + 2 - 3). Let q = 14 - y. Suppose -q*t = -3*t - 1757. Is t a prime number?
True
Let s be (11/33)/((-1)/(-108)). Is 14212/s - 16/(-72) a composite number?
True
Let w = -2820 + 14479. Is w composite?
True
Suppose 15*v - 18*v = -4185. Suppose 6*z + v = 25773. Is z prime?
False
Let a = -77658 + 634555. Is a a composite number?
True
Suppose -1307024 = -45*n - 51*n + 80*n. Is n a composite number?
False
Let m = 45967 + -25206. Is m a prime number?
False
Suppose -k - 15 = 5*m, -5*k - 26 - 25 = m. Let q be (-2 - 3)*-12*(-1)/k. Is 2/4*129*8/q a composite number?
True
Let q(c) = 2*c + 89. Let f(s) = -3*s - 90. Let i be 6/4*80/30. Let t(l) = i*f(l) + 5*q(l). Is t(0) a composite number?
True
Let a(n) = -92*n + 14. Let w be a(29). Is (-2)/14 - w/(-28)*-4 a composite number?
False
Suppose -5*o = 5*l - 10, 3*o - 2*l + l - 6 = 0. Is (-17)/((-119)/24843) - (0 + o) prime?
True
Let u(k) = k**2 + 28*k + 165. Let t be u(-18). Is (t/10)/(9/(-71814)) composite?
False
Let x = 1962998 - 1094799. Is x a composite number?
False
Suppose 4*x - 9 - 13 = -u, x + 3 = 4*u. Let v be u/(-4)*-23602 - 5. Suppose 9*c + 3*c - v = 0. Is c prime?
True
Let a(g) = g**2 + 12*g - 40. Let k be a(-17). Suppose 0 = -4